[INFO] fetching crate tulip 0.1.2...
[INFO] checking tulip-0.1.2 against master#af3c6e733a40e671550e0f0f5aeecaa13772ba56 for pr-74989
[INFO] extracting crate tulip 0.1.2 into /workspace/builds/worker-1/source
[INFO] validating manifest of crates.io crate tulip 0.1.2 on toolchain af3c6e733a40e671550e0f0f5aeecaa13772ba56
[INFO] running `Command { std: "/workspace/cargo-home/bin/cargo" "+af3c6e733a40e671550e0f0f5aeecaa13772ba56" "read-manifest" "--manifest-path" "Cargo.toml", kill_on_drop: false }`
[INFO] started tweaking crates.io crate tulip 0.1.2
[INFO] finished tweaking crates.io crate tulip 0.1.2
[INFO] tweaked toml for crates.io crate tulip 0.1.2 written to /workspace/builds/worker-1/source/Cargo.toml
[INFO] crate crates.io crate tulip 0.1.2 already has a lockfile, it will not be regenerated
[INFO] running `Command { std: "/workspace/cargo-home/bin/cargo" "+af3c6e733a40e671550e0f0f5aeecaa13772ba56" "fetch" "--locked" "--manifest-path" "Cargo.toml", kill_on_drop: false }`
[INFO] running `Command { std: "docker" "create" "-v" "/var/lib/crater-agent-workspace/builds/worker-1/target:/opt/rustwide/target:rw,Z" "-v" "/var/lib/crater-agent-workspace/builds/worker-1/source:/opt/rustwide/workdir:ro,Z" "-v" "/var/lib/crater-agent-workspace/cargo-home:/opt/rustwide/cargo-home:ro,Z" "-v" "/var/lib/crater-agent-workspace/rustup-home:/opt/rustwide/rustup-home:ro,Z" "-e" "SOURCE_DIR=/opt/rustwide/workdir" "-e" "CARGO_TARGET_DIR=/opt/rustwide/target" "-e" "CARGO_HOME=/opt/rustwide/cargo-home" "-e" "RUSTUP_HOME=/opt/rustwide/rustup-home" "-w" "/opt/rustwide/workdir" "-m" "1610612736" "--user" "0:0" "--network" "none" "rustops/crates-build-env@sha256:d92eaeed33fa75130ca1ee6c8a01d1ffb62bac859dfdfb3450e3e5d1c0146529" "/opt/rustwide/cargo-home/bin/cargo" "+af3c6e733a40e671550e0f0f5aeecaa13772ba56" "metadata" "--no-deps" "--format-version=1", kill_on_drop: false }`
[INFO] [stdout] 65ec77efe22950cc4d21bd748dc1ce948ead4d193a68d2d9e637ec0954c7553f
[INFO] [stderr] WARNING: Your kernel does not support swap limit capabilities or the cgroup is not mounted. Memory limited without swap.
[INFO] running `Command { std: "docker" "start" "-a" "65ec77efe22950cc4d21bd748dc1ce948ead4d193a68d2d9e637ec0954c7553f", kill_on_drop: false }`
[INFO] running `Command { std: "docker" "inspect" "65ec77efe22950cc4d21bd748dc1ce948ead4d193a68d2d9e637ec0954c7553f", kill_on_drop: false }`
[INFO] running `Command { std: "docker" "rm" "-f" "65ec77efe22950cc4d21bd748dc1ce948ead4d193a68d2d9e637ec0954c7553f", kill_on_drop: false }`
[INFO] [stdout] 65ec77efe22950cc4d21bd748dc1ce948ead4d193a68d2d9e637ec0954c7553f
[INFO] running `Command { std: "docker" "create" "-v" "/var/lib/crater-agent-workspace/builds/worker-1/target:/opt/rustwide/target:rw,Z" "-v" "/var/lib/crater-agent-workspace/builds/worker-1/source:/opt/rustwide/workdir:ro,Z" "-v" "/var/lib/crater-agent-workspace/cargo-home:/opt/rustwide/cargo-home:ro,Z" "-v" "/var/lib/crater-agent-workspace/rustup-home:/opt/rustwide/rustup-home:ro,Z" "-e" "SOURCE_DIR=/opt/rustwide/workdir" "-e" "CARGO_TARGET_DIR=/opt/rustwide/target" "-e" "CARGO_INCREMENTAL=0" "-e" "RUST_BACKTRACE=full" "-e" "RUSTFLAGS=--cap-lints=forbid" "-e" "CARGO_HOME=/opt/rustwide/cargo-home" "-e" "RUSTUP_HOME=/opt/rustwide/rustup-home" "-w" "/opt/rustwide/workdir" "-m" "1610612736" "--user" "0:0" "--network" "none" "rustops/crates-build-env@sha256:d92eaeed33fa75130ca1ee6c8a01d1ffb62bac859dfdfb3450e3e5d1c0146529" "/opt/rustwide/cargo-home/bin/cargo" "+af3c6e733a40e671550e0f0f5aeecaa13772ba56" "check" "--frozen" "--all" "--all-targets" "--message-format=json", kill_on_drop: false }`
[INFO] [stdout] f4c3c784765620ebcaf8de5d48d471c68efc92b2145aeccdbd48a23c736dfdea
[INFO] [stderr] WARNING: Your kernel does not support swap limit capabilities or the cgroup is not mounted. Memory limited without swap.
[INFO] running `Command { std: "docker" "start" "-a" "f4c3c784765620ebcaf8de5d48d471c68efc92b2145aeccdbd48a23c736dfdea", kill_on_drop: false }`
[INFO] [stderr]    Compiling libc v0.2.68
[INFO] [stderr]    Compiling unicode-xid v0.2.0
[INFO] [stderr]    Compiling syn v1.0.17
[INFO] [stderr]    Compiling log v0.4.8
[INFO] [stderr]    Compiling cfg-if v0.1.10
[INFO] [stderr]    Compiling pkg-config v0.3.17
[INFO] [stderr]     Checking fnv v1.0.6
[INFO] [stderr]    Compiling glob v0.3.0
[INFO] [stderr]    Compiling regex-syntax v0.6.17
[INFO] [stderr]    Compiling proc-macro-hack v0.5.14
[INFO] [stderr]    Compiling openssl v0.10.28
[INFO] [stderr]    Compiling vec_map v0.8.1
[INFO] [stderr]    Compiling bindgen v0.53.2
[INFO] [stderr]     Checking pin-utils v0.1.0-alpha.4
[INFO] [stderr]     Checking unicode-width v0.1.7
[INFO] [stderr]     Checking try-lock v0.2.2
[INFO] [stderr]     Checking ppv-lite86 v0.2.6
[INFO] [stderr]     Checking constant_time_eq v0.1.5
[INFO] [stderr]     Checking arrayvec v0.5.1
[INFO] [stderr]     Checking arrayref v0.3.6
[INFO] [stderr]     Checking dtoa v0.4.5
[INFO] [stderr]     Checking remove_dir_all v0.5.2
[INFO] [stderr]     Checking untrusted v0.7.0
[INFO] [stderr]    Compiling nom v5.1.1
[INFO] [stderr]    Compiling indexmap v1.3.2
[INFO] [stderr]    Compiling hashbrown v0.7.1
[INFO] [stderr]    Compiling num-traits v0.2.11
[INFO] [stderr]    Compiling proc-macro-error-attr v0.4.11
[INFO] [stderr]    Compiling proc-macro-error v0.4.11
[INFO] [stderr]    Compiling crossbeam-utils v0.7.2
[INFO] [stderr]    Compiling thread_local v1.0.1
[INFO] [stderr]    Compiling textwrap v0.11.0
[INFO] [stderr]     Checking unicode-normalization v0.1.12
[INFO] [stderr]     Checking http v0.2.0
[INFO] [stderr]    Compiling proc-macro2 v1.0.9
[INFO] [stderr]     Checking blake2b_simd v0.5.10
[INFO] [stderr]    Compiling bitflags v1.2.1
[INFO] [stderr]     Checking encoding_rs v0.8.22
[INFO] [stderr]     Checking futures-util v0.3.4
[INFO] [stderr]     Checking aho-corasick v0.7.10
[INFO] [stderr]     Checking csv-core v0.1.10
[INFO] [stderr]     Checking regex-automata v0.1.9
[INFO] [stderr]    Compiling clang-sys v0.29.2
[INFO] [stderr]     Checking want v0.3.0
[INFO] [stderr]    Compiling mime_guess v2.0.3
[INFO] [stderr]    Compiling quote v1.0.3
[INFO] [stderr]     Checking idna v0.2.0
[INFO] [stderr]    Compiling jobserver v0.1.21
[INFO] [stderr]    Compiling getrandom v0.1.14
[INFO] [stderr]    Compiling atty v0.2.14
[INFO] [stderr]    Compiling which v3.1.1
[INFO] [stderr]     Checking iovec v0.1.4
[INFO] [stderr]     Checking net2 v0.2.33
[INFO] [stderr]     Checking num_cpus v1.12.0
[INFO] [stderr]     Checking time v0.1.42
[INFO] [stderr]     Checking dirs v1.0.5
[INFO] [stderr]    Compiling cc v1.0.50
[INFO] [stderr]     Checking rust-argon2 v0.8.1
[INFO] [stderr]    Compiling clap v2.33.0
[INFO] [stderr]    Compiling const-random-macro v0.1.8
[INFO] [stderr]     Checking float-cmp v0.6.0
[INFO] [stderr]     Checking url v2.1.1
[INFO] [stderr]     Checking mio v0.6.21
[INFO] [stderr]     Checking term v0.5.2
[INFO] [stderr]     Checking regex v1.3.5
[INFO] [stderr]     Checking rand_core v0.5.1
[INFO] [stderr]     Checking http-body v0.3.1
[INFO] [stderr]    Compiling cmake v0.1.42
[INFO] [stderr]     Checking rand_chacha v0.2.2
[INFO] [stderr]     Checking const-random v0.1.8
[INFO] [stderr]     Checking ahash v0.3.2
[INFO] [stderr]     Checking rand v0.7.3
[INFO] [stderr]     Checking tokio v0.2.13
[INFO] [stderr]    Compiling cexpr v0.4.0
[INFO] [stderr]    Compiling openssl-sys v0.9.54
[INFO] [stderr]    Compiling libloading v0.5.2
[INFO] [stderr]    Compiling libmimalloc-sys v0.1.14
[INFO] [stderr]    Compiling ring v0.16.11
[INFO] [stderr]     Checking env_logger v0.7.1
[INFO] [stderr]     Checking uuid v0.8.1
[INFO] [stderr]     Checking tempfile v3.1.0
[INFO] [stderr]     Checking pretty_env_logger v0.4.0
[INFO] [stderr]    Compiling native-tls v0.2.4
[INFO] [stderr]     Checking mimalloc v0.1.18
[INFO] [stderr]     Checking tokio-util v0.2.0
[INFO] [stderr]     Checking h2 v0.2.2
[INFO] [stderr]    Compiling syn-mid v0.5.0
[INFO] [stderr]     Checking tokio-tls v0.3.0
[INFO] [stderr]    Compiling serde_derive v1.0.105
[INFO] [stderr]    Compiling pin-project-internal v0.4.8
[INFO] [stderr]    Compiling structopt-derive v0.4.5
[INFO] [stderr]     Checking pin-project v0.4.8
[INFO] [stderr]     Checking hyper v0.13.4
[INFO] [stderr]     Checking structopt v0.3.12
[INFO] [stderr]     Checking hyper-tls v0.4.1
[INFO] [stderr]    Compiling librocksdb-sys v6.6.4
[INFO] [stderr]     Checking serde v1.0.105
[INFO] [stderr]     Checking bstr v0.2.12
[INFO] [stderr]     Checking halfbrown v0.1.11
[INFO] [stderr]     Checking serde_json v1.0.48
[INFO] [stderr]     Checking serde_urlencoded v0.6.1
[INFO] [stderr]     Checking value-trait v0.1.3
[INFO] [stderr]     Checking csv v1.1.3
[INFO] [stderr]     Checking reqwest v0.10.4
[INFO] [stderr]     Checking simd-json v0.3.1
[INFO] [stderr]     Checking prettytable-rs v0.8.0
[INFO] [stdout] error[E0308]: mismatched types
[INFO] [stdout]    --> /opt/rustwide/cargo-home/registry/src/github.com-1ecc6299db9ec823/simd-json-0.3.1/src/lib.rs:210:86
[INFO] [stdout]     |
[INFO] [stdout] 210 | fn please_compile_with_a_simd_compatible_cpu_setting_read_the_simdjonsrs_readme() -> ! {}
[INFO] [stdout]     |    ----------------------------------------------------------------------------      ^ expected `!`, found `()`
[INFO] [stdout]     |    |
[INFO] [stdout]     |    implicitly returns `()` as its body has no tail or `return` expression
[INFO] [stdout]     |
[INFO] [stdout]     = note:   expected type `!`
[INFO] [stdout]             found unit type `()`
[INFO] [stdout] 
[INFO] [stdout] 
[INFO] [stdout] error: aborting due to previous error
[INFO] [stdout] 
[INFO] [stdout] 
[INFO] [stdout] For more information about this error, try `rustc --explain E0308`.
[INFO] [stdout] 
[INFO] [stderr] error: could not compile `simd-json`.
[INFO] [stderr] 
[INFO] [stderr] To learn more, run the command again with --verbose.
[INFO] [stderr] warning: build failed, waiting for other jobs to finish...
[INFO] [stderr] The following warnings were emitted during compilation:
[INFO] [stderr] 
[INFO] [stderr] warning: c++: fatal error: Killed signal terminated program cc1plus
[INFO] [stderr] warning: compilation terminated.
[INFO] [stderr] warning: c++: fatal error: Killed signal terminated program cc1plus
[INFO] [stderr] warning: compilation terminated.
[INFO] [stderr] warning: c++: fatal error: Killed signal terminated program cc1plus
[INFO] [stderr] warning: compilation terminated.
[INFO] [stderr] warning: c++: fatal error: Killed signal terminated program cc1plus
[INFO] [stderr] warning: compilation terminated.
[INFO] [stderr] warning: c++: fatal error: Killed signal terminated program cc1plus
[INFO] [stderr] warning: compilation terminated.
[INFO] [stderr] warning: c++: fatal error: Killed signal terminated program cc1plus
[INFO] [stderr] warning: compilation terminated.
[INFO] [stderr] warning: c++: fatal error: Killed signal terminated program cc1plus
[INFO] [stderr] warning: compilation terminated.
[INFO] [stderr] warning: c++: fatal error: Killed signal terminated program cc1plus
[INFO] [stderr] warning: compilation terminated.
[INFO] [stderr] warning: c++: fatal error: Killed signal terminated program cc1plus
[INFO] [stderr] warning: compilation terminated.
[INFO] [stderr] 
[INFO] [stderr] error: build failed
[INFO] running `Command { std: "docker" "inspect" "f4c3c784765620ebcaf8de5d48d471c68efc92b2145aeccdbd48a23c736dfdea", kill_on_drop: false }`
[INFO] running `Command { std: "docker" "rm" "-f" "f4c3c784765620ebcaf8de5d48d471c68efc92b2145aeccdbd48a23c736dfdea", kill_on_drop: false }`
[INFO] [stdout] f4c3c784765620ebcaf8de5d48d471c68efc92b2145aeccdbd48a23c736dfdea
